 is the hundreds digit of 3127?
1
What is the hundred thousands digit of 134552?
1
What is the units digit of 162820?
0
What is the thousands digit of 2245?
2
What is the hundreds digit of 8614?
6
What is the hundreds digit of 5162?
1
What is the tens digit of 674?
7
What is the units digit of 12597?
7
What is the hundreds digit of 44539?
5
What is the hundreds digit of 3550?
5
What is the tens digit of 1375?
7
What is the hundreds digit of 47021?
0
What is the units digit of 498?
8
What is the hundreds digit of 838?
8
What is the units digit of 44770?
0
What is the units digit of 2597?
7
What is the units digit of 467?
7
What is the tens digit of 774?
7
What is the thousands digit of 2863?
2
What is the tens digit of 744?
4
What is the hundreds digit of 707?
7
What is the hundreds digit of 13419?
4
What is the hundreds digit of 79752?
7
What is the hundreds digit of 1634?
6
What is the units digit of 8365?
5
What is the tens digit of 238?
3
What is the thousands digit of 1259?
1
What is the hundreds digit of 25435?
4
What is the thousands digit of 4950?
4
What is the hundreds digit of 22466?
4
What is the hundreds digit of 9502?
5
What is the tens digit of 924?
2
What is the hundreds digit of 16469?
4
What is the hundreds digit of 732?
7
What is the hundreds digit of 10402?
4
What is the units digit of 14216?
6
What is the units digit of 9586?
6
What is the hundreds digit of 3931?
9
What is the ten thousands digit of 25745?
2
What is the units digit of 2436?
6
What is the units digit of 3152?
2
What is the units digit of 5103?
3
What is the hundreds digit of 1599?
5
What is the tens digit of 11699?
9
What is the thousands digit of 8121?
8
What is the units digit of 89913?
3
What is the units digit of 32234?
4
What is the thousands digit of 1016?
1
What is the ten thousands digit of 121643?
2
What is the units digit of 158969?
9
What is the ten thousands digit of 64446?
6
What is the hundreds digit of 55806?
8
What is the thousands digit of 4498?
4
What is the hundreds digit of 14108?
1
What is the ten thousands digit of 30867?
3
What is the hundreds digit of 16754?
7
What is the thousands digit of 15180?
5
What is the tens digit of 1472?
7
What is the units digit of 793?
3
What is the tens digit of 22871?
7
What is the units digit of 3226?
6
What is the tens digit of 2024?
2
What is the ten thousands digit of 29647?
2
What is the tens digit of 99457?
5
What is the tens digit of 65749?
4
What is the hundreds digit of 17273?
2
What is the thousands digit of 56404?
6
What is the hundreds digit of 7710?
7
What is the hundreds digit of 692?
6
What is the hundreds digit of 5272?
2
What is the units digit of 205683?
3
What is the units digit of 936?
6
What is the units digit of 1866?
6
What is the units digit of 2237?
7
What is the ten thousands digit of 20255?
2
What is the units digit of 5373?
3
What is the tens digit of 371?
7
What is the tens digit of 3246?
4
What is the ten thousands digit of 23975?
2
What is the hundred thousands digit of 102565?
1
What is the hundreds digit of 1037?
0
What is the hundreds digit of 117?
1
What is the tens digit of 31477?
7
What is the thousands digit of 7101?
7
What is the units digit of 63140?
0
What is the units digit of 6774?
4
What is the hundreds digit of 12848?
8
What is the units digit of 152784?
4
What is the hundreds digit of 3049?
0
What is the tens digit of 1790?
9
What is the tens digit of 1219?
1
What is the hundreds digit of 13302?
3
What is the tens digit of 25619?
1
What is the tens digit of 1900?
0
What is the hundreds digit of 171?
1
What is the tens digit of 34352?
5
What is the hundreds digit of 1423?
4
What is the units digit of 746?
6
What is the tens digit of 23222?
2
What is the tens digit of 2810?
1
What is the thousands digit of 2523?
2
What is the ten thousands digit of 43178?
4
What is the tens digit of 258?
5
What is the ten thousands digit of 17407?
1
What is the thousands digit of 9057?
9
What is the hundreds digit of 6294?
2
What is the units digit of 78365?
5
What is the units digit of 27101?
1
What is the hundreds digit of 407?
4
What is the tens digit of 14505?
0
What is the tens digit of 10543?
4
What is the tens digit of 5397?
9
What is the hundreds digit of 385?
3
What is the hundreds digit of 935?
9
What is the units digit of 38570?
0
What is the units digit of 12426?
6
What is the ten thousands digit of 75175?
7
What is the hundreds digit of 1427?
4
What is the units digit of 6803?
3
What is the thousands digit of 25133?
5
What is the tens digit of 181?
8
What is the thousands digit of 49099?
9
What is the hundreds digit of 1554?
5
What is the tens digit of 13695?
9
What is the units digit of 863?
3
What is the hundreds digit of 1028?
0
What is the tens digit of 78823?
2
What is the hundreds digit of 37650?
6
What is the thousands digit of 5812?
5
What is the hundreds digit of 9927?
9
What is the hundreds digit of 10927?
9
What is the tens digit of 2872?
7
What is the ten thousands digit of 74897?
7
What is the tens digit of 2511?
1
What is the thousands digit of 7745?
7
What is the hundreds digit of 9364?
3
What is the units digit of 119409?
9
What is the tens digit of 603?
0
What is the tens digit of 1377?
7
What is the hundreds digit of 3166?
1
What is the tens digit of 867?
6
What is the units digit of 110310?
0
What is the thousands digit of 16023?
6
What is the thousands digit of 18608?
8
What is the units digit of 265?
5
What is the hundreds digit of 1102?
1
What is the units digit of 990?
0
What is the units digit of 76?
6
What is the tens digit of 12686?
8
What is the thousands digit of 11278?
1
What is the units digit of 1514?
4
What is the units digit of 975?
5
What is the thousands digit of 6885?
6
What is the tens digit of 2221?
2
What is the hundred thousands digit of 135942?
1
What is the tens digit of 127977?
7
What is the thousands digit of 1328?
1
What is the thousands digit of 5836?
5
What is the thousands digit of 1391?
1
What is the hundreds digit of 3400?
4
What is the hundreds digit of 18023?
0
What is the tens digit of 7381?
8
What is the hundreds digit of 20623?
6
What is the ten thousands digit of 76435?
7
What is the units digit of 204?
4
What is the tens digit of 12850?
5
What is the hundreds digit of 200?
2
What is the tens digit of 1690?
9
What is the hundreds digit of 14533?
5
What is the tens digit of 282?
8
What is the units digit of 56816?
6
What is the ten thousands digit of 24701?
2
What is the tens digit of 68064?
6
What is the thousands digit of 11075?
1
What is the units digit of 6128?
8
What is the hundreds digit of 55831?
8
What is the hundreds digit of 4705?
7
What is the tens digit of 714?
1
What is the hundreds digit of 909?
9
What is the ten thousands digit of 21333?
2
What is the thousands digit of 13136?
3
What is the tens digit of 80?
8
What is the hundreds digit of 905?
9
What is the units digit of 6416?
6
What is the hundreds digit of 5632?
6
What is the tens digit of 344?
4
What is the tens digit of 4020?
2
What is the units digit of 6968?
8
What is the tens digit of 1350?
5
What is the thousands digit of 29680?
9
What is the hundreds digit of 22871?
8
What is the thousands digit of 10223?
0
What is the ten thousands digit of 14850?
1
What is the hundreds digit of 9038?
0
What is the hundred thousands digit of 117569?
1
What is the tens digit of 5756?
5
What is the ten thousands digit of 25297?
2
What is the tens digit of 19588?
8
What is the tens digit of 3222?
2
What is the tens digit of 9754?
5
What is the hundreds digit of 2146?
1
What is the tens digit of 30159?
5
What is the thousands digit of 6999?
6
What is the tens digit of 994?
9
What is the units digit of 277?
7
What is the ten thousands digit of 14603?
1
What is the units digit of 2300?
0
What is the ten thousands digit of 87776?
8
What is the units digit of 2206?
6
What is the units digit of 2309?
9
What is the hundreds digit of 65481?
4
What is the thousands digit of 3114?
3
What is the thousands digit of 8321?
8
What is the tens digit of 524?
2
What is the hundreds digit of 215?
2
What is the units digit of 2494?
4
What is the units digit of 75481?
1
What is the hundreds digit of 19242?
2
What is the hundreds digit of 24011?
0
What is the tens digit o